ase 9.
-3031567
-57d1a (base 15) to base 3
-112012200021
-572091 (base 14) to base 16
-2d38bf
What is -1122102212000 (base 3) in base 7?
-10302060
What is 1179525 (base 14) in base 15?
b02956
561457 (base 9) to base 5
41220331
What is -233873 (base 9) in base 6?
-3003150
Convert 1c743 (base 16) to base 10.
116547
What is -11202012110022 (base 3) in base 4?
-21220010021
-96bc6 (base 13) to base 12
-111678
What is -2e936d (base 16) in base 11?
-17a5347
Convert -110111110110000011 (base 2) to base 4.
-313312003
What is 13630671 (base 8) in base 10?
3092921
323000012 (base 4) to base 14
64102
-1705 (base 12) to base 4
-222311
Convert -22333015 (base 7) to base 12.
-797361
Convert -24244134 (base 7) to base 15.
-2caa66
What is 6c86c0 (base 13) in base 12?
a4a498
Convert -14578 (base 9) to base 12.
-5915
3141233002 (base 5) to base 8
31100403
What is 100101111010011010101 (base 2) in base 11?
779417
101101111100111011 (base 2) to base 12
90b0b
What is -da77ec (base 16) in base 6?
-1230512540
What is 243776 (base 9) in base 5?
14202130
Convert -110111001110111010 (base 2) to base 14.
-5c638
What is -244640526 (base 7) in base 13?
-3264b43
Convert -10100011110000110001001 (base 2) to base 11.
-3035741
What is 154ba7 (base 15) in base 4?
3323020120
What is 100100012122 (base 3) in base 10?
183860
-2234344 (base 5) to base 6
-505022
752564 (base 10) to base 9
1366282
13134011 (base 6) to base 15
881e4
-280604 (base 11) to base 3
-211100111211
What is -23402242 (base 5) in base 8?
-645613
Convert -10011011000001001111011 (base 2) to base 12.
-184b763
Convert 4948a4 (base 11) to base 15.
106c39
What is 1522245 (base 7) in base 11?
131828
What is 6344330 (base 8) in base 14?
31db72
Convert -202212122 (base 3) to base 15.
-4798
Convert -2bd3b0 (base 14) to base 15.
-204a93
102d7 (base 15) to base 8
144115
Convert 1001011100111010000 (base 2) to base 12.
12b294
Convert 16264572 (base 8) to base 11.
213a954
-20622c (base 15) to base 14
-2c107a
What is 7507303 (base 11) in base 14?
1a803c5
Convert 330121111313 (base 4) to base 2.
111100011001010101110111
Convert -100101011001000000 (base 2) to base 10.
-153152
-95902f (base 16) to base 9
-20388451
What is -137242 (base 8) in base 13?
-192a0
-4732775 (base 8) to base 7
-13660050
Convert 134741 (base 9) to base 14.
21d92
What is -138673 (base 10) in base 11?
-95207
What is -117246 (base 8) in base 11?
-28572
-2252315 (base 6) to base 8
-342267
Convert -322444044 (base 5) to base 10.
-1374899
123132303 (base 4) to base 14
2d043
141047 (base 9) to base 7
505630
Convert -151bbc (base 15) to base 9.
-1822136
1011100000010011 (base 2) to base 11
3244a
What is 426500 (base 9) in base 10?
254097
What is -35b72 (base 16) in base 7?
-1604311
Convert -2bb0 (base 15) to base 10.
-9390
31230110030 (base 4) to base 5
1404330023
Convert -11002100022211 (base 3) to base 15.
-2cd804
What is 20100606 (base 8) in base 14?
7c0898
What is -500260 (base 7) in base 14?
-22967
What is 394b4 (base 12) in base 9?
128571
What is -2ddef (base 16) in base 6?
-4005503
Convert 11986bb (base 13) to base 16.
538667
Convert -12413365 (base 7) to base 12.
-465911
4021402023 (base 5) to base 12
2817b82
What is -238858 (base 10) in base 8?
-722412
What is -684157 (base 11) in base 5?
-234321231
What is 1a9a0 (base 15) in base 4?
111020112
What is 505298 (base 14) in base 5?
1143001431
-55ad9a (base 16) to base 12
-1a6950a
What is -1443105 (base 6) in base 12?
-40495
-313318 (base 11) to base 2
-1111010100110011001
-25b2359 (base 12) to base 7
-120210546
What is 212331140 (base 6) in base 5?
1430304342
-233133000 (base 4) to base 13
-6a6b3
Convert 1373472 (base 9) to base 13.
2067aa
What is 2142143034 (base 5) in base 7?
54332032
1323103200 (base 4) to base 11
315502
-1906575 (base 11) to base 6
-153120141
What is -87664 (base 14) in base 7?
-2533454
aa5a62 (base 11) to base 12
7113b1
11000100000100010110 (base 2) to base 6
25114010
What is -1011011011010111100 (base 2) in base 11?
-236379
1a332b6 (base 12) to base 10
5542122
Convert -100220312011 (base 4) to base 9.
-8176887
Convert 2753165 (base 8) to base 2.
10111101011001110101
1d254b (base 16) to base 6
104535003
-100111010101101100110 (base 2) to base 8
-4725546
What is e5aa7 (base 16) in base 12?
394487
-3404641 (base 7) to base 12
-18417a
What is -43a6a4 (base 12) in base 11?
-6752a4
Convert -5cb3 (base 14) to base 8.
-37545
22054206 (base 7) to base 5
441131430
10000101101011110 (base 2) to base 9
113801
Convert -788c (base 16) to base 14.
-b364
What is 44472 (base 11) in base 3?
10021102002
-15001213 (base 7) to base 14
-28a943
What is -1b32921 (base 12) in base 4?
-112011212221
Convert 210155352 (base 6) to base 14.
6b1c20
Convert -3044622 (base 8) to base 5.
-201232031
What is -75435 (base 10) in base 12?
-377a3
24142330 (base 5) to base 15
468b0
-514708 (base 12) to base 11
-79a323
What is 1000200212101 (base 3) in base 12?
22360a
What is 24131525 (base 6) in base 15?
eeb68
Convert -480233 (base 9) to base 12.
-11b210
Convert 266135 (base 8) to base 13.
335c2
317270 (base 8) to base 14
2a996
What is -251e1 (base 16) in base 11?
-a4252
What is -122320 (base 4) in base 6?
-11544
Convert -1115150000 (base 6) to base 12.
-4145300
-1101101110111011111001 (base 2) to base 14
-699dd7
Convert 233301341 (base 5) to base 14.
1dc9c4
Convert -2b82a (base 13) to base 2.
-10100001011110101
102021020210 (base 3) to base 4
312021213
What is 64362 (base 10) in base 3?
10021021210
Convert 14670012 (base 8) to base 16.
33700a
What is 600d21 (base 14) in base 11?
1906429
90824 (base 11) to base 2
100000011010011011
Convert -2272927 (base 10) to base 9.
-4243774
What is 11116377 (base 8) in base 11?
1399852
Convert -20146 (base 14) to base 12.
-38742
6b76a9 (base 15) to base 10
5138259
What is 13062435 (base 8) in base 10?
2909469
What is 156510530 (base 7) in base 3?
202002100111112
-20800014 (base 9) to base 15
-d344cd
6a416 (base 13) to base 11
122862
Convert 111111010 (base 3) to base 5.
303311
What is -10111222010 (base 3) in base 11?
-48018
113333010 (base 5) to base 8
2005627
What is 113331224 (base 5) in base 16?
80ad8
-5451234 (base 6) to base 3
-111202222111
-1953771 (base 10) to base 12
-7a27a3
-1212010102 (base 3) to base 11
-25500
What is -331002010 (base 4) in base 15?
-4e10d
Convert -3267290 (base 11) to base 9.
-11708862
What is 213251 (base 9) in base 8?
370116
What is -10520533 (base 6) in base 3?
-121100011110
Convert 542134 (base 6) to base 16.
ae0a
b11c2 (base 13) to base 4
1031110113
110212101222 (base 3) to base 9
425358
473375 (base 10) to base 8
1634437
-111111001110101011001 (base 2) to base 13
-577099
What is 10100110011110000110 (base 2) in base 3?
1021122100011
What is -175622 (base 10) in base 7?
-1331006
Convert 4513502 (base 6) to base 8.
674456
What is 1000100010111110010 (base 2) in base 7?
2244321
What is 32003310 (base 4) in base 16?
e0f4
-102012201212001 (base 3) to base 9
-12181761
-19055 (base 16) to base 12
-4b385
-288120 (base 11) to base 2
-1101101110111100101
What is 87248 (base 10) in base 11?
5a607
What is -806881 (base 13) in base 8?
-13306027
-12121a (base 12) to base 3
-112212000111
Convert 6137804 (base 9) to base 4.
30133012231
Convert -231568 (base 10) to base 13.
-8152c
-69622 (base 10) to base 2
-10000111111110110
What is 196cca (base 14) in base 15?
12c65c
Convert -11000011011100 (base 2) to base 16.
-30dc
What is 40540023 (base 6) in base 4?
10130020233
Convert 165440324 (base 7) to base 3.
210101201111022
What is -2cae1 (base 16) in base 9?
-308033
Convert 2411200432 (base 5) to base 14.
a4d683
Convert 1797163 (base 11) to base 6.
145054550
Convert 75d1 (base 16) to base 7.
153635
Convert -35144355 (base 6) to base 10.
-1087055
Convert 157b071 (base 12) to base 9.
8236864
304033 (base 10) to base 9
513044
Convert -3263568 (base 10) to base 4.
-30130301100
10035213 (base 8) to base 14
3cda31
-105555405 (base 6) to base 13
-537b78
What is -5442100 (base 6) in base 2?
-1000001111011010100
-1540034 (base 6) to base 8
-261166
Convert -789708 (base 11) to base 2.
-100110010111101100111
Convert 9639651 (base 10) to base 3.
200010202010010
What is 3013133113 (base 4) in base 12?
334a47
249516 (base 10) to base 12
100490
What is -b9eb1 (base 15) in base 1